 8*u**2 + 9*u + 2. Let v be -3*(4 + 4) - 0. What is the remainder when (-4)/v + 138/36 is divided by l(9)?
0
Let w be (-24)/7*112/(-24). Calculate the remainder when 25 is divided by (42/12 + -3)*w.
1
Let m(g) = -2*g**2 - 23*g - 3. Let s be m(-11). Calculate the remainder when (0 + 4)*(s + -2) is divided by 14.
10
Let f = 780 - 639. What is the remainder when f is divided by 15?
6
Let i(p) = 24*p**2 + 4*p + 4. Calculate the remainder when 104 is divided by i(-1).
8
Let r = -85 + 357. What is the remainder when r is divided by 39?
38
Suppose 4*l - 996 = -44. Suppose 0 = -2*z, -2*i - z + l = -0*z. Calculate the remainder when i is divided by 24.
23
Suppose 2*h - 1 = 3*h - 2*f, 4*f = -3*h + 47. Let x(g) = -g + 33. Calculate the remainder when x(11) is divided by h.
4
Let u be 1*24/(0 + -3). Let d = u + 32. Let m = -13 + 26. Calculate the remainder when d is divided by m.
11
Let i = -13 + 30. Let c(y) = y**2 - y - 55. Let n be c(0). Let x = n - -88. What is the remainder when x is divided by i?
16
Suppose -84 = 58*k - 61*k. What is the remainder when 110 is divided by k?
26
Let u be -104 + -14 + 6 + 6. Let x(w) = -69*w**3 + w**2 - w. Let f be x(1). Let m = f - u. What is the remainder when m is divided by 13?
11
Let i = 27 - 27. Suppose 12*s - 13*s + 10 = i. What is the remainder when 59 is divided by s?
9
Let r(x) = 2*x - 1. Suppose -z - 1 = -b + 3, 4*z + 3*b + 9 = 0. Let c be r(z). Let g = 16 + c. Calculate the remainder when 25 is divided by g.
7
Let g(z) = z**2 - z. Let a be g(-1). Suppose a*h - 116 = -0*h. Suppose -2*u + 3*u - h = 0. What is the remainder when u is divided by 15?
13
Suppose -22*a + 90 + 372 = 0. Calculate the remainder when 117 is divided by a.
12
Suppose -3*p + 81 = 5*a + 17, 5*a = -4*p + 82. Suppose -3*o = -p + 3. Let j(u) = -2*u**2 - 27*u + 63. Calculate the remainder when j(-15) is divided by o.
3
Let g(l) = 13*l**2 + 15*l + 1. Let r(y) = -y**3 - 1. Let s(q) = g(q) + r(q). Calculate the remainder when 27 is divided by s(14).
13
Suppose 4*j - j = -5*a + 29, 2*a - j - 16 = 0. Suppose 2 = u - a. Calculate the remainder when (-4)/(-18) - 232/(-9) is divided by u.
8
Calculate the remainder when (-32)/3*(-57)/2 is divided by 48.
16
Let n = -524 + 568. Calculate the remainder when 303 is divided by n.
39
Suppose 0 = z + 433 - 1295. Calculate the remainder when z is divided by 36.
34
Let t(r) = -r**2 + 0*r**2 + 2*r**2 - 2*r**2 + 36. Suppose 5*k + 15 = -q - 0, 2*q = -5*k - 15. Calculate the remainder when t(q) is divided by 13.
10
Let c(u) = -2*u + 11. Let y be c(-4). Let t = y - 13. Suppose -4*o = 5*g - 104, -g = -o - 22 - t. Calculate the remainder when 45 is divided by g.
21
Let d(i) = -i**3 + 6*i**2 - 4*i - 4. What is the remainder when d(-6) is divided by 13?
10
Suppose z = 2*z + j - 29, 0 = 5*z + j - 137. Let b = 62 - z. Calculate the remainder when b is divided by 6.
5
Let h = -8 + 13. Suppose 26 = 3*c - 0*x - h*x, -x - 4 = 0. What is the remainder when 9 is divided by c?
1
What is the remainder when -11 + -5 + -3 + 85 is divided by 17?
15
Let k(g) = 3*g**3 + 71*g**2 + 32*g + 18. What is the remainder when k(-23) is divided by 86?
82
Let d = 27 + -25. Calculate the remainder when 10/35 + 12/7 is divided by d.
0
Calculate the remainder when 65 is divided by (77 + -2)/3 + -2.
19
Calculate the remainder when 79 is divided by (-14208)/(-336) - 4/14.
37
Suppose -14*s = -9*s - 40. Suppose -42 = s*v - 194. Calculate the remainder when v is divided by 3.
1
Let j = -53 - -108. Calculate the remainder when (j/(-44))/(2/(-8)) is divided by 2.
1
Let x = 7 - -3. Suppose l + a - 19 = 0, -a = -2*l - 2*a + 41. Calculate the remainder when l is divided by x.
2
Let o = 34 + 0. Let t be (0 + 2)*264/16. Let z = t + -14. What is the remainder when o is divided by z?
15
Suppose -2*s = 2*s + 4. Calculate the remainder when (-89)/(4 + (s - 4)) is divided by 15.
14
Let j = 417 + -783. What is the remainder when j/(-10) - 16/(-40) is divided by 19?
18
Let g(v) = 2*v - 34. Let k be g(14). Calculate the remainder when 13*2 - (2 - 3) is divided by ((-75)/20)/(2*k/32).
7
Suppose 0 = -6*n + 9 + 45. Let x = n + 37. Suppose i + 5*u + 3 = 0, -3*i - 6*u = -3*u - 27. What is the remainder when x is divided by i?
10
Suppose 3*l = -2*l. Let j = l - -11. Calculate the remainder when (42/5)/(1/5) is divided by j.
9
Suppose -2*b = 3*b - 65. Let i = 2957 - 2910. What is the remainder when i is divided by b?
8
Suppose -6*z + z = -2*m - 796, -3*z - 2*m + 468 = 0. What is the remainder when z is divided by 84?
74
Suppose 3*n - 85 = 2. What is the remainder when n is divided by (0 - -8 - 14) + 14?
5
Let z = -767 + 784. What is the remainder when 56 is divided by z?
5
Suppose 0 = -2*s + 4, -x + 9*s - 13*s = -172. What is the remainder when x is divided by 57?
50
Suppose -3*l - 35 = -7*u + 2*u, 4*u = -l + 11. What is the remainder when 82 is divided by u?
2
Let l be 18/(-22) + 4/(-22). Let r = 5 - l. Let u = 107 - 86. Calculate the remainder when u is divided by r.
3
Suppose -2*j = 4*h - 526, 0 = 5*h + j + 3*j - 656. Calculate the remainder when h is divided by 37.
21
Let u(a) = 10*a - 48. Let y be u(14). Suppose 0 = y*o - 94*o + 32. What is the remainder when 43 is divided by o?
11
Let k(c) = 47*c - 808. Suppose v + 5 = 3*r, r = -5*v + 2*r + 45. What is the remainder when k(18) is divided by v?
8
Let c(l) = -l**3 - 5*l**2 - 4*l + 1. Let d be c(-4). Calculate the remainder when (-44 - 10)/(-2 - (-3)/6) is divided by d/2*(39 + -1).
17
Let h(r) = -25*r - 36. Calculate the remainder when h(-4) is divided by 31.
2
Suppose -4*u + 460 = -5*m, 244 = -4*u + 6*u + m. What is the remainder when u is divided by 63?
57
Let b(w) = w**3 - 8*w**2 + 4*w - 16. What is the remainder when 190 is divided by b(8)?
14
Let n(d) = d**3 - 34*d**2 + 70*d - 94. Suppose 5*q - 6 = -56. What is the remainder when n(32) is divided by q/((-1 + -1)/4)?
18
Let i(v) = -3*v + 5. Let p be i(1). Suppose -5*b + 24 = -b - 5*j, -2*b - 14 = 4*j. Calculate the remainder when (-15)/20*p/1*-2 is divided by b.
0
Suppose -7*l + 9*l = 26. Let x(c) = c**3 - 12*c**2 - 10*c - 15. Calculate the remainder when x(l) is divided by 5.
4
Suppose b - 2 = -4*g + 8, 3*g - 9 = -b. Suppose 0 = b*i - 184 - 830. Calculate the remainder when i is divided by 58.
53
Suppose -2*m = 2*c - 18, 32 = 4*c + 12. Let w be (6 - m)/(4/16). Calculate the remainder when 5 is divided by ((-6)/w)/((-3)/12).
2
Let b(n) = -4*n + 2. Let v(m) = -m + 1. Let c(x) = -3*b(x) + 3*v(x). Suppose -28*t = -2*t - 130. What is the remainder when c(t) is divided by 22?
20
Let x = -633 - -650. What is the remainder when 66 is divided by x?
15
Let c(g) = 10*g**2 + 2*g + 9. Let l be (-2)/(-9) - ((-80)/9)/(-4). What is the remainder when c(l) is divided by 12?
9
What is the remainder when 173 is divided by -12*(5 - 84/18)*-2?
5
Let n = -1200 - -1595. Calculate the remainder when n is divided by 80.
75
Let z = 226 + -211. Calculate the remainder when 47 is divided by z.
2
Let a = 539 - 529. What is the remainder when 47 is divided by a?
7
Let z = -1762 + 2518. What is the remainder when z is divided by 11?
8
Let c(h) = 4*h - 17. Let o be c(-7). What is the remainder when 71 is divided by o/60 + ((-594)/(-8))/3?
23
Suppose 506 = 5*n + 4*s, -3*n + 13*s + 282 = 10*s. Let j = -52 + 90. Suppose -4*m + n = -j. What is the remainder when m is divided by 7?
6
Suppose 32*v - k + 46 = 33*v, -v + 41 = -4*k. Suppose 2*q - m - 26 = 0, -3*q = -q - 5*m - 34. Calculate the remainder when v is divided by q.
9
Let y = -8 - -23. Suppose -3*l + y + 0 = 0. Calculate the remainder when l is divided by 3.
2
Suppose 2*s + 4*u + 24 = 232, -5*u + 545 = 5*s. Calculate the remainder when s is divided by 39.
36
Let b(c) = c**2 + c - 4. What is the remainder when 50 is divided by b(3)?
2
Let n be 333/117 - (-2)/13. Suppose n*s - 6 = 0, -2*l - 2*l + s = -522. Calculate the remainder when l is divided by 44.
43
Let w = 15 + -14. Let b = -16 - -30. What is the remainder when b is divided by 16/(w + (-2)/(-2))?
6
Suppose -7*b + 40 = -303. Calculate the remainder when b is divided by (-2 + (-9)/2)*-2.
10
Let t(c) = c**3 + 16*c**2 + 14*c - 16. Let y be t(-15). Let o = 120 + y. Calculate the remainder when o is divided by 30.
29
Let d(c) = -c**3 + 3*c**2 - 2*c + 2. Let r(l) = -5*l - 1. Let q be r(-1). 